 2*t**3 + 19*t**2 - 31*t**2 + 7*t. What are the prime factors of x(5)?
5, 7
Let k(b) be the second derivative of -b**5/20 - 7*b**4/12 - 2*b**3/3 + 4*b. Let o be k(-5). What are the prime factors of 24/(-10)*o/12?
2, 3
Let y(h) = -2*h + 42. Let a be y(3). Let r be (1/(-3))/(2/(-186)). Let x = a - r. List the prime factors of x.
5
Let g(w) = 99*w**2 - 4*w + 12. List the prime factors of g(2).
2, 5
Let q(b) = 12*b**2 - 4*b - 17. List the prime factors of q(-6).
439
Let l(d) = 184*d**2 - 11*d. List the prime factors of l(3).
3, 541
Suppose -4*g - 2 = -2*j, -j - 2 + 1 = -3*g. Let r(u) = 2*u + 5. Let y be r(0). Suppose 0 = -y*h + 25, -j*p + 2*h + 38 + 107 = 0. List the prime factors of p.
31
Suppose 0 = 18*a - 42860 + 10370. What are the prime factors of a?
5, 19
Let q(i) = -i**3 + 2*i + 1. Let x be q(3). Let p(d) = -d**2 - 20*d + 39. List the prime factors of p(x).
3, 13
Let u = -125 + 545. List the prime factors of u.
2, 3, 5, 7
Let c be 1/4 - (-10)/(-40). Suppose c = -2*k - k. Suppose -2*v + 32 + 0 = k. What are the prime factors of v?
2
Let o = 307 - -1736. What are the prime factors of o?
3, 227
Let k = -40 - -42. Suppose k*t + 2*o - 196 = 0, 5*t + 2*o = -2*o + 494. List the prime factors of t.
2, 3, 17
Let u(t) = -t**3 + 4*t**2 - 5. Let m be u(4). Let b = m - -15. List the prime factors of ((-30)/(-12))/(1/b).
5
Let x be 2*(108/(-8))/(-9). Suppose q - 14 - 22 = n, -x*n = 12. What are the prime factors of q?
2
Let k = -4 + 18. Suppose 7 = 2*q - v, 9 = 4*q - 5*v - k. Suppose -3*p + 24 = 2*w, -3*w + 3*p = -q*p - 17. What are the prime factors of w?
3
Let t be (4/8 - 0)*4. Suppose 5*s = -3*j + 526, -j + t*s + 340 = j. What are the prime factors of j?
2, 43
Suppose -4*x - 20 = 0, 4*q = -2*x - x + 1. Suppose 3*j + 306 = 2*y - 180, 4*y - 964 = q*j. List the prime factors of y.
3, 79
Let q be 3/24 - 1245/(-24). Let k be -2*q/16*2. Let m = k + 24. What are the prime factors of m?
11
Let i(s) = -s**2 - s + 95. Let m be (0 - 0)/(1 + -3 + 0). What are the prime factors of i(m)?
5, 19
Let c(a) = a**3 + 3*a**2 - 6*a - 3. Let x be c(-6). What are the prime factors of (x/10 + 0)*-2?
3, 5
Let r = -32 + 34. Suppose o - 150 = -r*v + 3*o, -308 = -4*v - 4*o. List the prime factors of v.
2, 19
Suppose c - 4*s = 13, 2*s = 2*c + 2*c + 18. Let b be (-32 - c)*4/10. What are the prime factors of 15/b + 29/2?
13
Let r(g) be the third derivative of g**6/120 - g**5/12 + g**4/6 - g**3/6 - 13*g**2. List the prime factors of r(7).
5
Let j(v) = -v**3 + 16*v**2 + 64*v - 40. List the prime factors of j(18).
2, 29
Let s = 170 - -158. Let a = s + -202. List the prime factors of a.
2, 3, 7
Let z be 86/30 - 14/(-105). Let f be z + (-1 + 4 - 4). Suppose f*k + 3*k - 245 = 0. List the prime factors of k.
7
Let s be (-5)/(-2) - 2*2/8. Suppose 88 = 2*p - 2*x, -2*p + 48 = -p - s*x. What are the prime factors of p?
2, 5
Suppose -3263 = -2*q - 30*s + 27*s, 0 = q + 5*s - 1635. What are the prime factors of q?
2, 5, 163
Suppose f - u - 890 = 0, 5*f + 77*u - 75*u = 4464. What are the prime factors of f?
2, 223
Let k(j) = j - 3. Let x(l) = l - 7. Let r(d) = 9*k(d) - 4*x(d). Let u(v) = v. Let w(o) = r(o) - 4*u(o). What are the prime factors of w(7)?
2
Suppose -5*s + k = 2*k - 50, -3*k = -15. Suppose 0 = -t + s*t - 728. What are the prime factors of t?
7, 13
Let z(x) = 22*x**3 + x - 2. Let j(y) be the third derivative of -y**5/60 - y**4/6 + 13*y**3/6 - 5*y**2. Let u be j(-6). What are the prime factors of z(u)?
3, 7
Let z = -38 - -16. Let g be (-4)/z + 5943/(-77). Let t = g + 130. What are the prime factors of t?
53
Let o(c) = 42*c**2 + 121*c - 860. List the prime factors of o(7).
5, 409
Let c be 2*(4 - (-117)/(-2)). Let v = -77 - c. Let h = 59 - v. List the prime factors of h.
3
Suppose -4484*r + 4478*r + 32580 = 0. What are the prime factors of r?
2, 3, 5, 181
Let a be 2/(-7) + (-2825)/35. Let r = -47 - a. Suppose b - r = -3*q + 10, 4*b = 3*q + 116. What are the prime factors of b?
2
Suppose 0 = 4*q + 16 + 4. Let s be (1*-3)/(q/10). Let v = -2 + s. What are the prime factors of v?
2
Let y = -4 - -10. Let a(j) = j**2 - 7*j + 3. Let x be a(y). List the prime factors of (2/x)/(2/(-123)).
41
Let u(t) = -4*t + 11*t - 14 + 1 + 93. What are the prime factors of u(18)?
2, 103
Let v(r) = -r**3 + 32*r**2 - 63*r + 73. What are the prime factors of v(25)?
13, 17
Let w(b) = -66*b - 31. Let i be w(-6). Suppose -q + 111 = 5*t, -5*q + 4*t + i + 277 = 0. What are the prime factors of q?
2, 3, 7
Suppose 4*z = 5*z + 5, 3*b - 5*z - 271 = 0. Suppose 2*n - 13*u + 8*u - 164 = 0, b = n + 3*u. What are the prime factors of n?
2, 41
Let r = -34 - -38. Suppose -f = r*i + 1, f + i = 5 - 3. What are the prime factors of f?
3
Suppose 3*k + 3*h = 9, 5*h = -2*k + h + 4. Suppose 0 = -l + b + 20, k*b - 14 = -l - b. Suppose 2*s - l = 41. What are the prime factors of s?
2, 3, 5
Suppose -2*t = 4*n - 6, -5*t - 7 = -2*n - 22. Suppose -r + t*h - 1 + 79 = 0, -370 = -5*r - 5*h. List the prime factors of r.
3, 5
Let k(z) = z - 1. Let q(o) = -2*o + 16. Let u(i) = -5*k(i) - q(i). Let w be u(-6). What are the prime factors of w/4 + 7/28?
2
Let k(a) = 50*a**2 + 3*a + 2. Let w = -15 - -14. What are the prime factors of k(w)?
7
Let j be (38/(-8))/((-9)/(-36)). Suppose -3*n - 5*o + 91 = 0, 5*o - 3*o + 98 = 3*n. Let k = n + j. List the prime factors of k.
13
Let r be (-34)/(-4) - (-5)/10. Let y(p) = -p**2 + 15*p + 10. What are the prime factors of y(r)?
2
Let t be 20/(-4)*8/(-20). Suppose 2*f = t + 6. Suppose -30 = -3*l - 0*l - q, f*l - q - 40 = 0. List the prime factors of l.
2, 5
Suppose -14 = -b - 0*b. Suppose 4*s + 850 = b*s. List the prime factors of s.
5, 17
Suppose -d + 6 = -22. Suppose -d*f = -31*f + 66. What are the prime factors of f?
2, 11
Let w(h) = -h**2 - 14*h - 15. Let i be w(-13). Let b be 2*(-1)/i*85. Let p = b - 51. What are the prime factors of p?
2, 17
Let v(p) = -p - 16. Let u be v(-4). Let m be ((-280)/12)/(4/u). Suppose m = 3*h - 53. List the prime factors of h.
41
Suppose 3*u - 2008 = u - 4*d, -u + 1006 = 3*d. List the prime factors of u/24 + (-2)/3.
41
Suppose 3*a + 4*o = o + 6, 0 = 4*a - 5*o - 8. Let q(p) = -2*p + a*p + 4 + 2*p - 10*p. List the prime factors of q(-4).
2, 3
Let c(u) = -154*u - 178. List the prime factors of c(-8).
2, 17, 31
Let r = 3255 + -815. List the prime factors of r.
2, 5, 61
Let t(s) = -10*s**3 - s**2 + 2*s + 2. Suppose 0 = 4*c + 6 - 2. Let w be t(c). What are the prime factors of 8/6 - (-339)/w?
3, 13
Suppose 3*w + 266 = 4*z, -7*z + 2*z = 3*w + 302. What are the prime factors of -3 - ((w - -5) + 0)?
2, 43
Suppose 0 = -27*x + 24*x. Suppose x = -2*a + 5*a. Suppose 5*r - 78 - 17 = a. List the prime factors of r.
19
Let n(i) = 105*i**3 - 7*i - 1. What are the prime factors of n(3)?
29, 97
Let v = 35 - 35. Let u = 3 + 12. Suppose 5*z - u = -v*z. What are the prime factors of z?
3
Suppose -25 = -5*z, 2*z = 2*x - 5*x + 259. Let p = -34 + x. List the prime factors of p.
7
Let g be (-705)/(-9) + 2/3. Suppose h = 2*r - 7*r + 215, g = 2*r - h. List the prime factors of r.
2, 3, 7
Suppose -l + 3*c = 14, 2*l - 4*c = -3*l - 26. Let d be 3 + -2*l/(-4). List the prime factors of 6/12*20/d.
5
Let v(m) = -57*m - 54. List the prime factors of v(-27).
3, 5, 11
Suppose 3*g - 2*d = -5*d + 9, 0 = 2*g - 3*d - 16. Let x = g + -6. Let f(r) = -25*r - 1. What are the prime factors of f(x)?
2, 3
What are the prime factors of (-45)/(-6)*40008/60?
3, 1667
Suppose 134*o - 130*o - 708 = 0. What are the prime factors of o?
3, 59
Let u(w) = -w + 6 - 11*w**2 - w + w**3 + 5*w. Let z be (1 - 8/6)/(11/(-363)). What are the prime factors of u(z)?
3, 13
Let m = -67 + 84. Suppose 21*w - 132 = m*w. List the prime factors of w.
3, 11
Let b(g) be the second derivative of g**4/6 - g**3/6 - g**2 - 3*g. Let h be b(2). Suppose s + 120 = h*s. List the prime factors of s.
2, 5
Let v = -34 - -24. Let s be (-12)/v*(-11 - 14). Let l = -21 - s. List the prime factors of l.
3
Let s(d) = d + 1. Let i be s(8). Suppose 3*o = 6 + i. Suppose o*v = 10 + 105. List the prime factors of v.
23
Let a(f) = 136 - 4*f**3 + 4*f**3 - f**3 - 2*f. List the prime factors of a(0).
2, 17
Let b(y) = -368*y - 418. What are the prime factors of b(-8)?
2, 3, 421
Suppose 2*u - 1227 = 6405. List the prime factors of u.
2, 3, 53
Let f(v) = v**3 - 3*v**2 - 5*v - 1. Suppose